r when 10 is divided by l.
0
Let p = 4 + -2. Let i = p - -13. Suppose 2*k + 3*f = i, 3*k - f + 0*f - 28 = 0. Calculate the remainder when 15 is divided by k.
6
Suppose 0 = -w - 10 + 3. Let g(t) = t**3 + 7*t**2 - t + 6. Calculate the remainder when -1*(-5 + 6)*-37 is divided by g(w).
11
What is the remainder when 880 is divided by 6/21 - (5 + 3924/(-84))?
40
Suppose 16 = 2*f + g - 27, -5*f - 4*g + 115 = 0. Calculate the remainder when 340 is divided by f.
17
Let c = 99 - 40. Suppose 22 = -4*d - 14. Let m = c + d. Calculate the remainder when m is divided by 13.
11
Let p = -33 - -21. Let l be 4/(-6)*(p - 189). Let q = -79 + l. Calculate the remainder when q is divided by 14.
13
Suppose 0 = -8*y - 40 + 760. Calculate the remainder when y is divided by 3.
0
Let b be -1 - (-1)/(-2) - (-1)/(-2). Calculate the remainder when 25 is divided by (6/9)/b*(0 - 21).
4
Suppose 3*q - 22 = -a, 0*a + 3*q = 2*a - 8. Suppose -a + 14 = h. Let g(v) = v**3 + 7*v**2 - 2*v - 3. What is the remainder when g(-7) is divided by h?
3
Suppose 0 = -2*g - 2*g + 8, -2*w + 2*g + 54 = 0. What is the remainder when w is divided by 10?
9
Suppose 2*i - c = 269, -4*c + 2*c = -i + 139. What is the remainder when 1329 is divided by i?
132
Suppose -k + t + 58 + 108 = 0, -2*t = 3*k - 483. Calculate the remainder when k is divided by 16.
3
Suppose -2*g - 1 = -87. What is the remainder when 142 is divided by g?
13
Let c(z) = 3*z**2 + 16*z - 67. What is the remainder when 84 is divided by c(4)?
39
Suppose -7 - 40 = v. Let i = 27 - v. Let b(p) = -p**3 - 2*p**2 + 6*p + 7. Calculate the remainder when i is divided by b(-4).
14
Suppose q - 74 = 52. What is the remainder when q is divided by 26?
22
Let q(h) = h**2 - 35*h - 668. Suppose r = -3*d + 30, r - d - 133 = -3*r. Calculate the remainder when r is divided by q(49).
15
Suppose -5*g = -18*g + 962. Calculate the remainder when g is divided by 19.
17
Let l be 13/(-39) - (-16)/(-6). Let n(y) = -2*y**3 - 4*y**2 - 2*y + 1. Calculate the remainder when n(l) is divided by 10.
5
Suppose 0 = 5*f - 4*m - 3180 + 900, -4*f + m = -1835. Calculate the remainder when f is divided by 33.
31
Let d = 108 - 115. Let o(q) = 5*q + 79. What is the remainder when o(d) is divided by 18?
8
Suppose 0*s - 10 = -s. Let p be 2*s*1/4. Suppose -15 = -4*g + p. What is the remainder when 9 is divided by g?
4
Suppose -1340*u + 1331*u + 693 = 0. What is the remainder when 253 is divided by u?
22
Let m(s) = -36 - 6*s + 66 - 34 + 17*s**2. What is the remainder when m(-3) is divided by 42?
41
Let y(j) = 12*j**2 + 11*j - 16. Let h(i) = i**3 - i. Let a(s) = -h(s) - y(s). What is the remainder when 28 is divided by a(-11)?
3
Let f(n) = 2*n**2 - 37*n + 13. Let h(k) = k**2 - 19*k + 7. Let s(b) = 6*f(b) - 13*h(b). What is the remainder when s(11) is divided by 12?
9
Suppose 10 = -6*z + 106. Let t = -14 + z. Suppose -t*r = -3*r + 20. Calculate the remainder when r is divided by 12.
8
Let b = 511 - 340. Calculate the remainder when b is divided by 49.
24
Let v(i) = 8*i**2 - 3*i - 2. Let g be v(-2). Suppose -g*b = -34*b - 38. What is the remainder when 111 is divided by b?
16
Let u(g) = -4*g**2 + 54*g - 1. What is the remainder when u(5) is divided by 25?
19
Let b = 39 - 14. Suppose 0*g - 9*g + 126 = 0. What is the remainder when b is divided by g?
11
Let o = 54 + -52. Let x = 0 + o. Calculate the remainder when 2 + 1 + (-1 - 0) is divided by x.
0
Suppose u - c - 15 = 1, -4*c - 49 = -3*u. What is the remainder when 23 is divided by u?
8
Let j be (-4)/(-6)*1*-6. Let d be (-369)/j - (-6)/8. Let y = -66 + d. What is the remainder when y is divided by 10?
7
Suppose 137*u = 133*u + 8, -4*n = -5*u - 14. Let j(l) = l**3 + 3*l**2 - 2*l + 3. What is the remainder when j(-3) is divided by n?
3
Suppose -2*l + 3*l - 106 = 0. Calculate the remainder when l is divided by 18.
16
Let p(u) = -u**2 + u + 19. Let x(h) = -3*h + 2. Let y be x(-12). Suppose 6*z - y = -8. Calculate the remainder when p(0) is divided by z.
4
Suppose -4*w + w = -3. Calculate the remainder when w*3*(2478/18)/7 is divided by 21.
17
Let y(l) = -2*l - 6*l - 8*l + 1. Let v be y(2). What is the remainder when 19 is divided by v/(-6) - 7/42?
4
Suppose 0 = -5*t + 2 + 13. Let z(q) = -q**3 + 13*q**2 - 9*q + 24. Let k be z(12). Suppose -t*y + k + 33 = 0. Calculate the remainder when y is divided by 8.
7
Let l = -137 + 145. Let v = 23 + 8. Calculate the remainder when v is divided by l.
7
Let q = -3 + 9. Let i = -265 + 267. What is the remainder when 20 + 7*i/14 is divided by q?
3
Let a(x) = 2*x**2 + 8*x - 455. Calculate the remainder when a(-21) is divided by 49.
14
Let l = 89 + -54. Calculate the remainder when l is divided by 2.
1
Let z = 65 - 63. Suppose 3*o - 37 = -r - 4*r, 2*r = -z. Calculate the remainder when o is divided by 6.
2
Let i = 21 - 13. Let z(s) = -s**3 + 8*s**2 + 5. Let t be z(i). Suppose t*k - 13 = -4*f + 4, 0 = -2*k - 5*f. Calculate the remainder when 12 is divided by k.
2
Suppose -4*d = 3*l - 25, -6*d + 18 = -3*d + 2*l. Suppose -2*m = -4*u + 25 - 69, d*m + 2*u = 78. Calculate the remainder when 97 is divided by m.
17
Let h = 1621 - 1607. Calculate the remainder when 628 is divided by h.
12
Let g(v) be the second derivative of -v**5/20 + 11*v**4/12 - 3*v**3/2 - v**2/2 - 2*v. Let c = -12 + 22. What is the remainder when 34 is divided by g(c)?
7
Suppose -5*i = 3*r + 2*r - 325, 5*r - 361 = 4*i. What is the remainder when r is divided by 15?
9
Let u(s) = 5*s - 1. Let b be u(3). Let n = b - 15. Calculate the remainder when n/((-2)/(-10))*-11 is divided by 19.
17
Suppose -g - 5*j = -798, 2*j + 605 = g - 207. What is the remainder when g is divided by 10?
8
Let m(x) = 70*x**2 + 4*x. What is the remainder when m(1) is divided by 2?
0
Let p(s) = 2*s + 12. Let b be p(5). Suppose 2*m = m - 4*r + b, -m - r + 25 = 0. Let n = 36 - m. Calculate the remainder when 26 is divided by n.
6
Let w be (2/(-3))/(2/111). Let g = w + 49. Let h(t) = 9*t**2 - 2. Calculate the remainder when h(2) is divided by g.
10
Let c(d) = 12*d**2 - d. Let s be c(-1). Let b = 34 - s. Suppose -5*k - z = -58, 0*k + k = -2*z + 8. Calculate the remainder when b is divided by k.
9
Let u(r) = r**3 + 5*r**2 + 2*r. Let l(o) = -o**3 - 4*o**2 - 2. Let a be (-28)/35*(-1 + 6). Let k be l(a). Calculate the remainder when 14 is divided by u(k).
6
Suppose 2*j - 100 = t - 164, -190 = -4*t - 3*j. Calculate the remainder when t is divided by ((-1)/(-1) - 1) + 11.
8
Suppose -3*p + 7 + 32 = 0. Let u(t) = -t + 24. Let z be u(19). Suppose 2*w + 28 = 7*w + 4*g, 2*g - 34 = -z*w. What is the remainder when p is divided by w?
5
Suppose 3*m - 7*m = -5*z + 1200, 5*z = -4*m + 1240. What is the remainder when z is divided by 25?
19
Suppose -7*f + 4*f = -84. Suppose -v - 3*v - 24 = -2*g, 0 = 4*g - 4*v - f. Suppose 0 = -g*r - r + 3. What is the remainder when 5 is divided by r?
0
Suppose u = -2*i + 10, -i = -19*u + 14*u + 105. Calculate the remainder when 403 is divided by u.
3
Suppose -4*x = 5*t - 448, -37*t = -40*t + 2*x + 282. What is the remainder when t is divided by 64?
28
Suppose -8 - 14 = 2*o. Let g(r) = 3*r - 9. Let x be g(7). Let u = o + x. What is the remainder when u is divided by 1?
0
Suppose 0 = -3*b - p + 209, 79 = 3*b - 3*p - 146. What is the remainder when 139 is divided by b?
68
Let b(d) = -3*d**3 - 2*d**2 + 2*d + 1. Let m be b(-3). Let n = 96 - m. What is the remainder when n is divided by 20?
18
Let i be 14 + (-3 - (0 + -1)). Suppose 3*a - 3*m = i, 4*m = -5*a + a + 16. Let s(g) = -g + 9. What is the remainder when s(-2) is divided by a?
3
Let x = 7 - 0. Let j(f) = f**3 - 11*f**2 - 31*f + 420. Calculate the remainder when j(10) is divided by x.
3
Let t be (0 - (-4)/22) + (-2100)/(-66). Suppose 4*d = 3*u - 0*d - t, -5*d = 10. Calculate the remainder when u is divided by 5.
3
Calculate the remainder when 236 is divided by (-6478)/(-1066) - 2/26.
2
Let f(d) be the third derivative of d**4/3 + 10*d**3/3 - 5*d**2. Let i be f(7). Suppose -12*y = -10*y - i. What is the remainder when y is divided by 21?
17
Let o = -147 - -173. What is the remainder when 88 is divided by o?
10
Let h(s) = -16*s - 15. Let n be h(9). What is the remainder when 3 - (3 - 2) - n is divided by 33?
29
Suppose u = -0*u, -26 = -x - 4*u. Let l(p) = 2*p**2 - 4*p + 4. Let c be l(2). Suppose -x = -c*a + 3*